se 2*y - 7*y + 20 = r. Suppose 0 = g - 0*g + 5*m - 22, m + 46 = y*g. Calculate the remainder when 47 is divided by g.
11
Let b(o) = -o**3 + 13*o**2 + 2*o - 18. Let j be b(13). What is the remainder when (2 - 20/j)*-106 is divided by 28?
25
Let g = -14 - -49. Calculate the remainder when g is divided by 6.
5
Suppose 49 = 3*x - 86. Calculate the remainder when x is divided by 16.
13
Let m be 2/((-1)/(-1*4)). Let l = 0 + m. Suppose 11 - 56 = -3*z. Calculate the remainder when z is divided by l.
7
Let t(m) = -7*m + 82. What is the remainder when 12 is divided by t(11)?
2
Suppose -3*i - 4*t = -25, 0 = 4*i - 4*t + 3 + 1. Let l = i - 8. What is the remainder when (-8)/(-2) - (8 + l) is divided by 1?
0
Suppose -245 = -5*d - 20. Calculate the remainder when 89 is divided by d.
44
Let w(v) = -141*v**3. Let o = 2 + -3. Let d be w(o). Let s = d + -96. What is the remainder when s is divided by 12?
9
Let d(t) = -3*t**3 - 2*t**2 - 3*t + 1. Let v be 0 - (2 - (-1 + 1)). What is the remainder when 90 is divided by d(v)?
21
Let v(w) = -53*w. Calculate the remainder when v(-1) is divided by 18.
17
Let w = -11 + 16. Let f = 13 - w. Suppose 2*t - 3*v = 34, -t - 3*v = -3 - 5. What is the remainder when t is divided by f?
6
Calculate the remainder when 36 is divided by ((-9)/18)/((-2)/76).
17
Let r = -86 + 115. What is the remainder when 111 is divided by r?
24
Let q be ((-15)/(-6))/((-3)/(-6)). Let g = q + -3. Let r = 1 - -2. Calculate the remainder when r is divided by g.
1
Suppose -5*s + 112 + 121 = -3*f, -4*s + 188 = -4*f. Calculate the remainder when s is divided by 12.
10
Suppose 4 = o, -3*n + 5*o + 669 = 56. What is the remainder when n is divided by 43?
39
Suppose -12*m + m + 418 = 0. Let z = 41 - 21. Calculate the remainder when m is divided by z.
18
Let a(l) = -5*l**2 + 3*l. Let c(g) = 14*g**2 - 10*g - 1. Let s(z) = -11*a(z) - 4*c(z). Let d = 28 + -9. What is the remainder when d is divided by s(6)?
9
Let x(k) = 6*k - 12. What is the remainder when 52 is divided by x(5)?
16
Let j be -4*2/(-4) + 71. Suppose 4*r - 27 - 22 = 5*q, -3*q + j = 4*r. Suppose 62 = f + f. Calculate the remainder when f is divided by r.
15
Suppose -4*r + o + 77 = -38, -4*o = -2*r + 40. What is the remainder when 93 is divided by r*((-72)/(-15) + -4)?
21
Suppose 0 = 4*h - 2*a - 34, h + 3*a - 25 = -6. Let f = 13 - h. Calculate the remainder when 3 is divided by f.
0
Let k = -20 - -28. What is the remainder when 222/10 - 13/65 is divided by k?
6
Let n(r) = -r**2 - 7*r + 9. Let a be n(-7). Let s be -1*9*6/a. Let z = 10 + s. What is the remainder when 11 is divided by z?
3
Suppose 1 = 2*x + g, -4*x - 2*g = g - 7. Let y be (x/3)/((-4)/30). Suppose i = -y*r, 0 = 2*r - 3*r - 2. What is the remainder when i is divided by 4?
2
Suppose 5*f - 30 = -5*d, 2*d - 3*f - 1 = -4. Calculate the remainder when d is divided by (12/16)/(9/24).
1
Let a(t) = t**3 - t**2 - t + 18. Let m(d) = -4*d - 2. What is the remainder when m(-9) is divided by a(0)?
16
Let w(r) = 2*r**3 + r**2 - 2*r. Let h be w(-2). Let f(i) = -i**2 - 8*i + 6. Let a be f(h). Suppose -8 = -2*v + a. What is the remainder when 13 is divided by v?
6
Suppose -z - 3*w - 3 = 0, 2*z + 2 = -5*w - 1. Suppose 7*i - 75 = z*i. What is the remainder when i is divided by 19?
18
Let w(p) = -2*p - 14. Let x be w(6). Let d = 44 + x. Let v(i) = -i + 5. Calculate the remainder when d is divided by v(0).
3
Suppose -j + 125 = 3*m - 8*m, -5*j + 2*m = -694. Suppose 0 = l + 4*l - j. What is the remainder when l is divided by 10?
8
Suppose -2 = y - 25. Suppose -y + 3 = -5*x. Calculate the remainder when x is divided by (-2)/(-3) - (-4)/3.
0
What is the remainder when 52 is divided by 33/(-6)*4/(-2)*1?
8
Suppose 3*y = 3*w - 12, 2*w = w - y. Let u = w - 0. Suppose u*t - 15 = -3*t. Calculate the remainder when 4 is divided by t.
1
Let c(b) be the first derivative of -b**4/2 - b**3 + 2. What is the remainder when 11 is divided by c(-2)?
3
Let n be 97/2 - (-7)/(-14). What is the remainder when 19 is divided by n/9 - 3/9?
4
Calculate the remainder when 1108/16 - 2/8 is divided by 25.
19
Let j = 16 - -1. Calculate the remainder when j is divided by (-3)/((-24)/20)*(-108)/(-45).
5
Calculate the remainder when (-18)/(-99) - 5/((-55)/284) is divided by 18.
8
Let o(j) = 3*j - 4. What is the remainder when 6 is divided by o(2)?
0
Suppose -5*d + 10*d - 45 = 0. Suppose -2 = -a + d. Suppose 86 = 5*u - u - 2*v, -2*u = v - 41. Calculate the remainder when u is divided by a.
10
Let u = 4 - -1. What is the remainder when u is divided by 2?
1
Let y be 1 + -1 + (0 - 0). Suppose 5*k - 2*k - 186 = y. Calculate the remainder when k is divided by (22 + -4)/1 - -3.
20
Let o(q) = q**3 + 7*q**2 - q + 7. Suppose -j + 2*k = 15, 0 = -4*j + 5*k - 4 - 44. Calculate the remainder when 52 is divided by o(j).
10
Suppose -j + 6*j - 10 = 0. Let o(s) = 2*s**2 + 5*s - 5. Calculate the remainder when 49 is divided by o(j).
10
Let z(f) = -f**3 + 23*f**2 - 42*f + 13. Calculate the remainder when 57 is divided by z(21).
5
Let s = 7 + 6. Let z be 2/5 + s/5. Suppose -z*f = 2*f - 155. Calculate the remainder when f is divided by 16.
15
Suppose 2*d + 0*y - y = -20, -d - 2*y - 10 = 0. Let n(s) = -s - 3. What is the remainder when 13 is divided by n(d)?
6
Let p be 36/(-10) - (-6)/(-15). Calculate the remainder when 35 is divided by (1 + p)/(2/(-12)).
17
Let p(a) = 7*a**3 - 3*a**2. Let l(z) = z**3 + z**2 + 15. Suppose -3*s = -0*s. Calculate the remainder when p(2) is divided by l(s).
14
Let q(o) = o**3 - 3*o**2 + o - 2. Let x be q(4). Let t = x - 11. Suppose -3*p + 60 + 4 = 4*w, 0 = w - 2*p - 27. What is the remainder when w is divided by t?
5
Let w(h) = h - 6. Let l be w(7). Let v = l - -2. Suppose 10 = 2*d + v*d. What is the remainder when d is divided by 2?
0
Let m = -39 - -72. Let k = 47 - m. Calculate the remainder when k is divided by 3.
2
Let t(a) = a**3 - 8*a**2 + 7*a + 4. Let s(z) = z**3 + 7*z**2 - 8*z + 3. Calculate the remainder when t(7) is divided by s(-8).
1
Suppose -27*w - 38 = -29*w. Calculate the remainder when w is divided by 6.
1
Suppose -y + 51 = 4*t, 22 = 3*t + 2*y - 10. What is the remainder when 48 is divided by t?
6
Let t(i) = i**2 + i + 8. Let v = 18 + -12. Calculate the remainder when t(-6) is divided by (-1)/(-3) - (-76)/v.
12
Let m(u) = 2*u**3 - u**2 - 2*u - 1. What is the remainder when m(2) is divided by 4?
3
Suppose -m - 10 = -20. What is the remainder when ((-2)/(-3))/((-1)/(-42)) is divided by m?
8
Suppose 4*o - 12 = 0, -2*t + 7*o - 7 = 2*o. Suppose -2*c - 4*c + 18 = 0. Calculate the remainder when t is divided by c.
1
Suppose 0 = -p - 3*f + 27, 2*p - 81 = -p - 3*f. What is the remainder when 80 is divided by p?
26
Suppose 3*z + 4*c = -1, -5*z = -z + c - 16. Suppose 3*y + 9 = 0, 3*f - z*y - 67 = 17. Calculate the remainder when f is divided by 6.
5
Suppose 4*r = 6*r - 2. What is the remainder when 27 - -1*(r - 0) is divided by -1*((0 - -1) + -11)?
8
Suppose 2*p - 2*b = 326, -2*p + 652 = 2*p - 5*b. Suppose -3*i - p = 5*v - 5*i, -3*i = -12. Let j = -12 - v. What is the remainder when j is divided by 10?
9
Let k = -9 + 8. Let u be ((-1)/1)/(k/(-10)). Let o = 12 - u. Calculate the remainder when 42 is divided by o.
20
Let n = 49 + 4. What is the remainder when n is divided by 11?
9
Suppose 0 = -0*y - 2*y + 74. Calculate the remainder when 71 is divided by y.
34
Suppose 3*k - 6 = -0*k. Let i(s) = 4*s + 1. Suppose -3*q + 3*w + 6 = -3, 5*w = 2*q. What is the remainder when i(k) is divided by q?
4
Let j be 2/7 + 2241/21. Let k = 207 - j. Suppose -5*y + k = 30. Calculate the remainder when 26 is divided by y.
12
Suppose 0*q = 4*q - 20. Let u(i) = -i**3 + 5*i**2 + 4*i + 5. Calculate the remainder when u(q) is divided by 9.
7
Let i be 6/(3/(-1)) + 10. Let x = i - 4. Suppose -x = -y + 6. Calculate the remainder when y is divided by 4.
2
Suppose -3 = -2*k + k. Suppose m - 4*j = -8, -m - k*m - 32 = -3*j. Let w = 5 - m. What is the remainder when w is divided by 5?
3
Let c be 252/16 + (-2)/(-8). Suppose -3*g - c = 14. Let j = g + 16. What is the remainder when 11 is divided by j?
5
Let c(j) = -9*j**2 + j + 3. Let p = -9 + 6. Let o(z) = 10*z**2 - z - 4. Let v(a) = p*c(a) - 2*o(a). What is the remainder when v(2) is divided by 9?
7
Suppose 0 = -5*s + 3*s + 146. What is the remainder when s is 